s digit of 28648?
8
What is the units digit of 2594?
4
What is the tens digit of 6895?
9
What is the tens digit of 2104?
0
What is the hundreds digit of 68710?
7
What is the thousands digit of 174257?
4
What is the tens digit of 333?
3
What is the units digit of 9044?
4
What is the tens digit of 52004?
0
What is the units digit of 9500?
0
What is the tens digit of 1095?
9
What is the tens digit of 718?
1
What is the hundreds digit of 1432?
4
What is the thousands digit of 71536?
1
What is the thousands digit of 5059?
5
What is the units digit of 864?
4
What is the units digit of 2405?
5
What is the ten thousands digit of 18884?
1
What is the tens digit of 826?
2
What is the ten thousands digit of 41242?
4
What is the hundreds digit of 107303?
3
What is the thousands digit of 3979?
3
What is the thousands digit of 33177?
3
What is the hundred thousands digit of 187213?
1
What is the ten thousands digit of 47679?
4
What is the tens digit of 1887?
8
What is the hundreds digit of 2733?
7
What is the hundreds digit of 600?
6
What is the units digit of 7442?
2
What is the units digit of 11798?
8
What is the hundreds digit of 9012?
0
What is the hundreds digit of 3641?
6
What is the units digit of 32?
2
What is the hundreds digit of 2272?
2
What is the hundred thousands digit of 140927?
1
What is the tens digit of 657?
5
What is the ten thousands digit of 125275?
2
What is the units digit of 2033?
3
What is the tens digit of 1495?
9
What is the tens digit of 7018?
1
What is the tens digit of 657?
5
What is the thousands digit of 2185?
2
What is the thousands digit of 4909?
4
What is the tens digit of 53?
5
What is the tens digit of 2404?
0
What is the tens digit of 713?
1
What is the hundreds digit of 1294?
2
What is the ten thousands digit of 25379?
2
What is the tens digit of 2658?
5
What is the hundreds digit of 2926?
9
What is the tens digit of 94?
9
What is the tens digit of 92397?
9
What is the thousands digit of 6512?
6
What is the units digit of 280?
0
What is the units digit of 9?
9
What is the hundreds digit of 898?
8
What is the tens digit of 363?
6
What is the thousands digit of 7764?
7
What is the thousands digit of 3214?
3
What is the ten thousands digit of 14399?
1
What is the units digit of 2207?
7
What is the units digit of 345?
5
What is the units digit of 2004?
4
What is the units digit of 12799?
9
What is the units digit of 1141?
1
What is the hundreds digit of 2249?
2
What is the units digit of 35576?
6
What is the tens digit of 6322?
2
What is the hundreds digit of 4393?
3
What is the units digit of 19785?
5
What is the tens digit of 110200?
0
What is the hundreds digit of 478?
4
What is the units digit of 12252?
2
What is the tens digit of 39265?
6
What is the units digit of 11279?
9
What is the tens digit of 392?
9
What is the thousands digit of 5237?
5
What is the thousands digit of 6122?
6
What is the thousands digit of 128068?
8
What is the tens digit of 2246?
4
What is the thousands digit of 29496?
9
What is the units digit of 592?
2
What is the hundreds digit of 261?
2
What is the hundreds digit of 8331?
3
What is the tens digit of 4877?
7
What is the ten thousands digit of 31661?
3
What is the ten thousands digit of 11336?
1
What is the hundreds digit of 132939?
9
What is the tens digit of 7148?
4
What is the units digit of 314?
4
What is the thousands digit of 17352?
7
What is the units digit of 39119?
9
What is the thousands digit of 124299?
4
What is the thousands digit of 2332?
2
What is the hundreds digit of 582?
5
What is the units digit of 2?
2
What is the units digit of 4549?
9
What is the ten thousands digit of 18723?
1
What is the units digit of 5574?
4
What is the units digit of 82815?
5
What is the units digit of 342?
2
What is the units digit of 1352?
2
What is the thousands digit of 63191?
3
What is the tens digit of 1855?
5
What is the hundreds digit of 1526?
5
What is the thousands digit of 15760?
5
What is the tens digit of 27902?
0
What is the hundreds digit of 4253?
2
What is the ten thousands digit of 14132?
1
What is the units digit of 84901?
1
What is the hundreds digit of 1715?
7
What is the tens digit of 102?
0
What is the thousands digit of 70598?
0
What is the units digit of 9211?
1
What is the thousands digit of 1594?
1
What is the thousands digit of 2423?
2
What is the thousands digit of 13537?
3
What is the hundreds digit of 1284?
2
What is the thousands digit of 48217?
8
What is the units digit of 81185?
5
What is the hundreds digit of 19676?
6
What is the units digit of 1784?
4
What is the hundreds digit of 197?
1
What is the tens digit of 249?
4
What is the thousands digit of 31648?
1
What is the tens digit of 11049?
4
What is the units digit of 22091?
1
What is the tens digit of 20678?
7
What is the tens digit of 59?
5
What is the units digit of 1735?
5
What is the tens digit of 3137?
3
What is the tens digit of 946?
4
What is the thousands digit of 2181?
2
What is the hundreds digit of 1180?
1
What is the thousands digit of 76436?
6
What is the units digit of 2321?
1
What is the units digit of 1486?
6
What is the units digit of 3463?
3
What is the tens digit of 3934?
3
What is the units digit of 639?
9
What is the thousands digit of 11088?
1
What is the tens digit of 453?
5
What is the hundreds digit of 163?
1
What is the hundreds digit of 2515?
5
What is the thousands digit of 3221?
3
What is the tens digit of 90686?
8
What is the hundreds digit of 39441?
4
What is the units digit of 46?
6
What is the units digit of 507?
7
What is the units digit of 3729?
9
What is the thousands digit of 60364?
0
What is the tens digit of 2163?
6
What is the units digit of 915?
5
What is the thousands digit of 19837?
9
What is the tens digit of 10884?
8
What is the hundreds digit of 5694?
6
What is the hundreds digit of 7895?
8
What is the hundreds digit of 2444?
4
What is the tens digit of 1650?
5
What is the thousands digit of 2531?
2
What is the thousands digit of 69887?
9
What is the thousands digit of 1501?
1
What is the tens digit of 588?
8
What is the hundreds digit of 85368?
3
What is the tens digit of 3877?
7
What is the hundreds digit of 111055?
0
What is the thousands digit of 2335?
2
What is the tens digit of 22241?
4
What is the hundreds digit of 31568?
5
What is the ten thousands digit of 21378?
2
What is the ten thousands digit of 22255?
2
What is the thousands digit of 5036?
5
What is the ten thousands digit of 41793?
4
What is the tens digit of 188351?
5
What is the units digit of 12194?
4
What is the thousands digit of 52020?
2
What is the units digit of 54877?
7
What is the tens digit of 2290?
9
What is the units digit of 8942?
2
What is the tens digit of 1823?
2
What is the thousands digit of 6852?
6
What is the hundreds digit of 12990?
9
What is the units digit of 31974?
4
What is the thousands digit of 3413?
3
What is the tens digit of 4365?
6
What is the units digit of 8560?
0
What is the tens digit of 9373?
7
What is the thousands digit of 2149?
2
What is the tens digit of 43539?
3
What is the tens digit of 17176?
7
What is the ten thousands digit of 20042?
2
What is the ten thousands digit of 10591?
1
What is the tens digit of 2060?
6
What is the hundreds digit of 4900?
9
What is the thousands digit of 1972?
1
What is the ten thousands digit of 10350?
1
What is the ten thousands digit of 23829?
2
What is the thousands digit of 127601?
7
What is the tens digit of 412?
1
What is the units digit of 364?
4
What is the units digit of 20823?
3
What is the units digit of 40118?
8
What is the units digit of 4544?
4
What is the units digit of 869?
9
What is the thousands digit of 172887?
2
What is the thousands digit of 54249?
4
What is the hundreds digit of 2436?
4
What is the thousands digit of 9224?
9
What is the units digit of 50805?
5
What is the tens digit of 86743?
4
What is the units digit of 12421?
1
What is the units digit of 1671?
1
What is the tens digit of 2296?
9
What is the tens digit of 6741?
4
What is the hundreds digit of 20625?
6
What is the tens digit of 3058?
5
What is the hundreds digit of 765?
7
What is the hundreds digit of 1062?
0
What is the units digit of 344?
4
What is the thousands digit of 6361?
6
What is the hundreds digit of 14434?
4
What is the ten t